 m(t) = 2*t**2 + 2 - 7 + 2 + 4*t. Give m(j).
13
Let i(h) = h**3 + 4*h**2 - 6*h + 1. Let k(y) = -y**3 + 4*y**2 + 5*y - 5. Let j be k(5). Give i(j).
6
Let h(k) = 3*k**2 - 5*k + 7. Let j(p) = 2*p**2 - 13*p - 3*p**2 + 13*p. Let w(l) = h(l) + 4*j(l). Determine w(-6).
1
Suppose 3*i + i = 4. Suppose i = w - 0*w. Suppose -w - 7 = 4*k. Let c(f) = 2*f**3 + 4*f**2 + 3*f + 2. What is c(k)?
-4
Let m(g) = -g**3 + 5*g**2 - g + 1. Let k = -112 - -117. Calculate m(k).
-4
Let i(o) = -14*o**3 + 4*o - 1. Let f(a) = 71*a**3 - 21*a + 6. Let c(l) = 2*f(l) + 11*i(l). Let r be ((-2)/(-4))/(1/(-2)). Determine c(r).
11
Let k(c) = c - 1. Suppose 0 = 2*q + 3*q - 15. Determine k(q).
2
Suppose -w - 2*w + 4 = t, w - t = -4. Let l(m) = -m - 1. Let h be l(-6). Let g(d) = 5*d - h*d + 1 + d. Determine g(w).
1
Suppose 3*q = -2*p + 6*p - 7, -q + 4*p = 13. Let n(l) = 2897*l**2 + 5 - 2*l - 3 - 2896*l**2. Calculate n(q).
5
Let g(u) be the second derivative of -u**4/12 - 5*u**3/6 + u**2 + 5*u. What is g(-5)?
2
Let n = 0 + 0. Let p(y) = n*y**2 - y**3 + y**2 + 2 - 4 + 5*y. Let c(o) = -o**3 + 4*o**2 + 3*o + 13. Let k be c(5). What is p(k)?
-5
Let s(a) be the third derivative of a**4/24 + a**3/6 + 5*a**2. Let c(u) = u**2 - 7*u + 5. Let p be c(6). Determine s(p).
0
Let i(c) = -6*c - 16. Let x(g) = 2*g + 5. Let p(o) = 2*i(o) + 7*x(o). Calculate p(-4).
-5
Let y(v) = -8 + 2*v**3 + 2*v**3 + 2 + 5*v**2 - 6*v - 3*v**3. Determine y(-6).
-6
Let z(g) = g**3 + 7*g**2 + 6*g - 5. Let k(s) = -s**2 + 5*s + 6. Let w be k(6). Let x be (-1 - w) + 3 + -8. Give z(x).
-5
Let p be (6/2 - 5) + 11. Let j = p - 8. Let u(h) = -7*h. What is u(j)?
-7
Suppose 0*t + t = 0. Let m(v) = -v - 1 + 0 + t + 2. Calculate m(0).
1
Suppose -5*d = -5*x - 41 - 14, 4*d = 5*x + 60. Let f be 7/21 - x/6. Suppose -q + 10 = -f*q. Let j(g) = g**3 + 6*g**2 + 8*g + 7. Calculate j(q).
-8
Let q be (-9)/(-5) - (-2)/10. Let u(j) = -11 - 7*j + j**q + 11. Calculate u(6).
-6
Suppose 3*u + 0*u - 12 = 0. Let l = 6 - u. Let p(q) = 5*q - 2*q + l*q. What is p(-1)?
-5
Suppose -5 = -o - 3. Let p(h) = -o*h - 5*h - h. Calculate p(-1).
8
Let x(g) be the first derivative of -g**5/60 + g**4/24 + g**3/2 - g**2 - 1. Let s(y) be the second derivative of x(y). Let p = -5 + 8. What is s(p)?
-3
Let g(c) = -c + 4. Let p(z) = 2*z - 4. Let o(d) = -3*g(d) - 2*p(d). Let s be o(-7). Let m(r) = -2*r + r - 4 + s. Determine m(-3).
2
Let w(i) be the second derivative of -i**4/12 + 2*i**3/3 - i**2 - 2*i. Calculate w(3).
1
Let r(l) = -l - 1. Let n(d) = d**2 + 7*d + 5. Let i(v) = n(v) + 5*r(v). Let k(c) = -c**3 - 6*c**2 - 2. Let h be -7 - -1*(1 + 0). Let m be k(h). Give i(m).
0
Let w = 9 + -5. Let l(o) = o**2 - 4*o + 1. Let r be l(w). Let u(q) be the second derivative of 5*q**3/6 - q**2/2 + 5*q. What is u(r)?
4
Let q(j) = 2*j - 4. Let z(a) = -a**3 + 8*a**2 - 7*a + 3. Let d be z(7). Let k(t) = -t**3 + t**2 - 2*t + 1. Let g be k(1). Let y = d - g. Calculate q(y).
4
Let i be (-1 - -4)/(-3)*-5. Let w(s) = 2*s - 1. Let q(p) = -6*p + 3. Let j(y) = -4*q(y) - 11*w(y). Determine j(i).
9
Let w = -41 - -43. Let g(i) = i**3 + i**2 - 4*i + 3. What is g(w)?
7
Suppose -40 = 50*d - 55*d. Let x(b) = b**3 - 8*b**2 + 1. What is x(d)?
1
Let t(p) be the third derivative of p**5/30 + 5*p**4/24 + p**3/3 - 2*p**2. Calculate t(-3).
5
Let y = -26 - -26. Let c(p) be the third derivative of -1/8*p**4 + 0 + y*p - 1/3*p**3 + 3*p**2. Give c(-2).
4
Suppose 2 = 3*m - 31. Let w be m/((-3 + 0)/(-3)). Let j = w - 16. Let s(x) = -x**2 - 5*x + 6. Determine s(j).
6
Let r = -30 + 32. Let o(m) be the first derivative of -1/2*m**4 + 3 - 2/3*m**3 + 1/2*m**r + 2*m. Calculate o(-2).
8
Let d(q) = -3*q**3 + 15*q**2 + 11*q + 3. Let b(v) = -2*v**3 + 8*v**2 + 6*v + 1. Let c(m) = 5*b(m) - 3*d(m). What is c(-4)?
-8
Let p(s) = -s + 1. Suppose q - 12 = -5*c + 10, c - 8 = -2*q. Suppose 12 = -2*f + q*n, 3*f - 5*n + 24 = f. What is p(f)?
3
Let p be (-24)/10*(-25)/10. Let c(x) = -x**2 + 6*x - 1. Give c(p).
-1
Let s(a) = -2*a**2 + 2*a + 2. Let b be s(2). Let q(c) be the first derivative of -3*c**2/2 - c - 9. Determine q(b).
5
Let v be (24/7)/(3/21). Suppose -4*a - v = -5*q - 0*a, 0 = q + a - 3. Let i(h) = h - 3. Determine i(q).
1
Suppose -5*s + 3*z = -28, -z = 3*s + z - 13. Let m(j) = -2 - 3*j + s*j - j + 3. What is m(-3)?
-2
Suppose 0 = -5*w - 0*w + 5. Let r(z) be the second derivative of -3*z + 0 + 0*z**3 + 0*z**2 - 5/12*z**4. What is r(w)?
-5
Let i(t) = -t - 8. Let m be i(-8). Suppose 2*k - 1 + 13 = m. Let x(n) = n + 2. Determine x(k).
-4
Let f = 7 + -1. Let r(i) = -2*i**3 + i + 2. Let k(o) = 3*o**3 + 5*o**2 + 3*o + 1. Let v(u) = -k(u) - 2*r(u). Give v(f).
1
Let s(r) = r**3 - r**2 + 1. Let c(g) = -g**3 + 6*g**2 + 8*g - 5. Let p be c(7). Suppose -p*l = -11 + 1. Suppose 15 = -u - l*o, 7*o - 2*o = u - 15. What is s(u)?
1
Let i(l) be the second derivative of 2*l**3/3 + 3*l**2/2 + l. Let o(v) = -5*v - 2. Let g(p) = 4*i(p) + 3*o(p). Calculate g(-5).
1
Let h(o) = 2*o**2 + 3*o - 3. Let k be 1 + -2 + -1 + 4. Suppose -w = -3*w, k*t - w = -6. Determine h(t).
6
Suppose -d = -0*d + 4. Let b(y) = 6*y. Determine b(d).
-24
Let m(g) = g**2 - 4*g + 2. Let i(q) = -4*q**2 + 16*q - 9. Let n(y) = -2*i(y) - 9*m(y). Let c(p) = p**2 - 13*p + 4. Let f be c(13). Give n(f).
0
Let y(i) = -2*i - 5. Suppose 0 = -3*m - 4*j + 22, -6*m + 3*j - 6 = -3*m. Let g be ((-15)/6)/(m/4). Give y(g).
5
Let h(a) = -4*a - 1. Let u(i) = 5*i + 1. Let c(f) = -4*h(f) - 3*u(f). Calculate c(-4).
-3
Let j(i) be the second derivative of -i**5/20 + i**4/2 - i**3 + i**2/2 - 6*i. Determine j(4).
9
Let x(a) = 2*a**3 + a**2 - 2*a - 2. Let s(i) = 0 + i**3 + 6 - 9*i + 9*i**2 + 2. Let h be s(-10). Determine x(h).
-10
Suppose 0 = -6*x + x + 15. Let r = -6 + x. Let h(t) = -t**2 - 4*t - 4. What is h(r)?
-1
Let y(r) = -3*r**2 + 4*r + 7. Suppose -4*m = -1 - 11. Let v(w) = w**2 - w - 2. Let f(k) = m*y(k) + 8*v(k). Let s(o) = o - 1. Let i be s(5). Give f(i).
5
Let u(l) = -2*l. Let c(a) = -2*a**3 - a - 1. Let o be c(-1). Let z = o - 8. Calculate u(z).
12
Let f(p) = -p**2 + 2*p - 4. Let g = -4 - -5. Suppose 2 + g = x. Give f(x).
-7
Let c(q) = q**2 - q. Let k(j) = -2*j - 3. Let o be k(-3). Let g be c(o). Let y(t) = -1 - g*t**2 - 2 + 0*t**2 - 6*t - t**3. What is y(-5)?
2
Let c be (-16)/56 + (-24)/14. Let x(k) = 4*k + 2. Calculate x(c).
-6
Let d(u) = -2*u. Let g be d(0). Let h(o) be the second derivative of 7/2*o**2 - 1/12*o**4 + 0 - o + 0*o**3. What is h(g)?
7
Let j(t) = t**3 - 2*t**2 - 2*t + 2. Let h(n) = -n**2 + 5. Let u be h(0). Let s be u/2*(-36)/(-15). Let l(v) = -v**2 + 7*v - 4. Let c be l(s). What is j(c)?
-2
Let y(r) = r. Let x be 1*(2 + -2 - -1). Let o be ((-2)/4)/(x/(-12)). Suppose s + p = 4, -p + o = p. Determine y(s).
1
Let j(c) = 5. Let g(z) = z + 4. Let p(f) = -5*g(f) + 4*j(f). Suppose 0 = 3*w - 3. Calculate p(w).
-5
Let n(l) be the first derivative of l**2/2 + 3*l + 17. Give n(-2).
1
Suppose -2 = -g - 1. Let z(w) be the third derivative of -w**5/30 - w**4/24 + w**2. What is z(g)?
-3
Let s(z) = -3 - 5*z + 2*z + z. Let n(p) = -4*p - 5. Let y(i) = 6*n(i) - 11*s(i). Suppose 0 = -f - 4*a + 14, -4*a + 2 = -8*f + 3*f. Calculate y(f).
-1
Let m(h) = -2 + 2 + h**2 + 3*h. Let i = -23 - -9. Let l = -18 - i. What is m(l)?
4
Let a(i) = i**3 - 2*i**3 - i - 4*i**3 - 4*i**3 - 1. What is a(-1)?
9
Let q(o) = 2*o**3 - 3*o**2 - o + 4. Let p be q(3). Suppose 11 = -3*d + y, -4*y + 7 = d + p. Let t(m) = -m**2 - 6*m - 1. Give t(d).
4
Let w(c) = 2*c**3 - 2*c**2 - 5*c - 1. Let x(q) = -2*q**3 + 2*q**2 + 4*q + 1. Let o(u) = -6*w(u) - 7*x(u). Calculate o(1).
1
Let r(x) = 9*x + 10. Let b(k) = 19*k + 21. Let f be -2 + -3*(-8)/3. Let p(j) = f*b(j) - 13*r(j). Let d(o) = o**2 - 8*o + 9. Let i be d(6). What is p(i)?
5
Let l(f) = -2*f**3 - 6*f**2 - 54 + 4*f**2 + 55. Determine l(-1).
1
Let g(y) = -y**3 - 2*y**2 - 3*y - 3. Let m(h) = h**3 + 2*h**2 - 5*h - 4. Let k be m(-3). Let c = -5 - -1. Let w = k + c. Determine g(w).
3
Let a(v) = -v - 9. Let k be a(-9). Let u(r) = k*r + r**2 - 2 - 5*r + 5*r. Calculate u(2).
2
Let o(t) = 6*t**2 - t. Let u(p) = -p + 4. Let f be u(2). Give o(f).
22
Let j(n) = -n - 1. Let y = -8 - -5. Let i be 1 - 0 - 0 - y. Suppose -f - 5*h = -2*f + 21, 3*h + 31 = -i*f. What is j(f)?
3
Let z(d) be the third derivative of -d**6/120 + 7*d**5/60 + 3*d**4/8 - 4*d**3/3 - 4*d**2. Give z(8).
0
Let u(y) = -21*y. 